What is the remainder when 67364 is divided by 538?
114
What is the remainder when 1285418 is divided by 1025?
68
Calculate the remainder when 829071 is divided by 1260.
1251
What is the remainder when 6891247 is divided by 457?
144
What is the remainder when 1468268 is divided by 45?
8
What is the remainder when 1423297 is divided by 50827?
141
What is the remainder when 3244779 is divided by 98?
97
Calculate the remainder when 1506606 is divided by 301310.
56
What is the remainder when 135784 is divided by 22540?
544
Calculate the remainder when 449624 is divided by 74911.
158
Calculate the remainder when 1087585 is divided by 100.
85
Calculate the remainder when 5318865 is divided by 1329707.
37
What is the remainder when 104290 is divided by 1237?
382
What is the remainder when 3307208 is divided by 3445?
8
What is the remainder when 277086 is divided by 92077?
855
What is the remainder when 20605533 is divided by 151511?
37
Calculate the remainder when 5839934 is divided by 121.
111
Calculate the remainder when 8683391 is divided by 1667.
1655
Calculate the remainder when 1070538 is divided by 782.
762
What is the remainder when 13482505 is divided by 3370585?
165
Calculate the remainder when 1498906 is divided by 499607.
85
What is the remainder when 2292552 is divided by 51?
0
What is the remainder when 79800 is divided by 3522?
2316
Calculate the remainder when 241501923 is divided by 160.
3
Calculate the remainder when 31685539 is divided by 121.
116
What is the remainder when 12143309 is divided by 819?
815
Calculate the remainder when 56047 is divided by 2229.
322
What is the remainder when 2336811 is divided by 89?
27
Calculate the remainder when 683108 is divided by 302.
286
Calculate the remainder when 372858 is divided by 12856.
34
Calculate the remainder when 2059502 is divided by 943.
933
What is the remainder when 2917092 is divided by 12794?
60
Calculate the remainder when 209645 is divided by 41848.
405
What is the remainder when 76079 is divided by 518?
451
Calculate the remainder when 670947 is divided by 1145.
1122
What is the remainder when 397069 is divided by 3578?
3489
Calculate the remainder when 5135758 is divided by 538.
10
What is the remainder when 161300794 is divided by 2762?
2756
What is the remainder when 117808508 is divided by 192?
188
Calculate the remainder when 13771295 is divided by 4590390.
125
What is the remainder when 454493 is divided by 242?
17
What is the remainder when 1397165 is divided by 232856?
29
What is the remainder when 3502203 is divided by 500313?
12
What is the remainder when 16437189 is divided by 2739530?
9
What is the remainder when 498210 is divided by 2454?
48
What is the remainder when 614038 is divided by 30?
28
Calculate the remainder when 83114470 is divided by 697.
8
Calculate the remainder when 3124147 is divided by 12.
7
What is the remainder when 25067259 is divided by 546?
399
Calculate the remainder when 35470 is divided by 354.
70
Calculate the remainder when 608523 is divided by 331.
145
Calculate the remainder when 1697950 is divided by 5514.
5152
What is the remainder when 53959719 is divided by 14?
9
What is the remainder when 23190461 is divided by 73156?
9
What is the remainder when 725728 is divided by 10671?
100
What is the remainder when 21995071 is divided by 223?
135
Calculate the remainder when 47852 is divided by 7946.
176
Calculate the remainder when 90166 is divided by 15026.
10
What is the remainder when 354271 is divided by 9574?
33
Calculate the remainder when 42168599 is divided by 150.
149
Calculate the remainder when 427482 is divided by 16434.
198
Calculate the remainder when 132002727 is divided by 19.
18
What is the remainder when 33759 is divided by 3411?
3060
What is the remainder when 5334868 is divided by 158?
156
What is the remainder when 3976285 is divided by 435?
385
What is the remainder when 2511122 is divided by 837034?
20
Calculate the remainder when 43924 is divided by 2211.
1915
Calculate the remainder when 43925863 is divided by 582.
577
What is the remainder when 57146943 is divided by 592?
591
What is the remainder when 3291220 is divided by 106167?
43
Calculate the remainder when 107191 is divided by 2377.
226
What is the remainder when 14252623 is divided by 3451?
3444
Calculate the remainder when 70566 is divided by 1907.
7
Calculate the remainder when 2581248 is divided by 860403.
39
Calculate the remainder when 14429 is divided by 2960.
2589
What is the remainder when 1905842 is divided by 601?
71
Calculate the remainder when 2095054 is divided by 8119.
352
What is the remainder when 9496542 is divided by 49?
48
Calculate the remainder when 1434392 is divided by 980.
652
Calculate the remainder when 3509829 is divided by 4426.
11
Calculate the remainder when 495490 is divided by 6606.
40
Calculate the remainder when 183527026 is divided by 4761.
4759
What is the remainder when 18492486 is divided by 1164?
18
What is the remainder when 16680976 is divided by 5158?
4
What is the remainder when 77117 is divided by 1147?
268
What is the remainder when 11999 is divided by 9244?
2755
What is the remainder when 17313019 is divided by 99?
97
Calculate the remainder when 5404432 is divided by 21792.
16
Calculate the remainder when 13342596 is divided by 1054.
10
What is the remainder when 1621929 is divided by 4929?
288
Calculate the remainder when 69247 is divided by 618.
31
Calculate the remainder when 680009 is divided by 679971.
38
What is the remainder when 201882 is divided by 99181?
3520
What is the remainder when 75585599 is divided by 174?
173
What is the remainder when 28430400 is divided by 28430380?
20
Calculate the remainder when 21502133 is divided by 87.
83
Calculate the remainder when 12510454 is divided by 48.
22
What is the remainder when 6955505 is divided by 1453?
1447
What is the remainder when 41519413 is divided by 830388?
13
Calculate the remainder when 247018 is divided by 246298.
720
Calculate the remainder when 2600 is divided by 2490.
110
What is the remainder when 554307 is divided by 145?
117
What is the remainder when 48862 is divided by 145?
142
What is the remainder when 3725328 is divided by 419?
418
Calculate the remainder when 48579 is divided by 1245.
24
What is the remainder when 196141 is divided by 24496?
173
What is the remainder when 19054 is divided by 118?
56
Calculate the remainder when 8518498 is divided by 5679.
5677
Calculate the remainder when 63758 is divided by 4538.
226
What is the remainder when 1285067 is divided by 217?
210
Calculate the remainder when 5951180 is divided by 14.
4
Calculate the remainder when 112664 is divided by 4689.
128
What is the remainder when 79782274 is divided by 16?
2
Calculate the remainder when 1465629 is divided by 222.
207
What is the remainder when 55126885 is divided by 3409?
3355
Calculate the remainder when 1437319 is divided by 95821.
4
Calculate the remainder when 620797 is divided by 155117.
329
What is the remainder when 156801 is divided by 3221?
2193
What is the remainder when 15002698 is divided by 15002629?
69
What is the remainder when 2223732 is divided by 2673?
2469
What is the remainder when 679082 is divided by 2302?
2294
Calculate the remainder when 40502 is divided by 17689.
5124
What is the remainder when 7086384 is divided by 58565?
19
Calculate the remainder when 230398 is divided by 228016.
2382
Calculate the remainder when 143601 is divided by 11034.
159
What is the remainder when 273951781 is divided by 19?
15
What is the remainder when 86808 is divided by 1592?
840
Calculate the remainder when 398903 is divided by 36.
23
What is the remainder when 2552322 is divided by 872?
850
What is the remainder when 3496951 is divided by 1024?
1015
Calculate the remainder when 1462734 is divided by 69651.
63
What is the remainder when 36333663 is divided by 53?
43
Calculate the remainder when 2246842 is divided by 81.
64
Calculate the remainder when 288780 is divided by 108.
96
Calculate the remainder when 27387404 is divided by 1349.
6
What is the remainder when 1253033 is divided by 2424?
2249
Calculate the remainder when 2233970 is divided by 744652.
14
Calculate the remainder when 13819 is divided by 6710.
399
What is the rem